 23, 31, 311, 653
What are the prime factors of 67649111?
67649111
What are the prime factors of 251661843?
3, 43, 71
What are the prime factors of 2996155730?
2, 5, 331, 773, 1171
List the prime factors of 3379545653.
11, 29, 379, 27953
List the prime factors of 2419700231.
13, 29, 6418303
What are the prime factors of 50042623?
251, 199373
List the prime factors of 338456963.
13, 283, 91997
List the prime factors of 94541441.
94541441
List the prime factors of 1350971.
631, 2141
List the prime factors of 60419071.
17, 401, 8863
List the prime factors of 156684241.
7, 19, 631, 1867
List the prime factors of 46552010.
2, 5, 4655201
List the prime factors of 4506205418.
2, 11, 13, 15755963
List the prime factors of 218169279.
3, 17, 37, 2267
List the prime factors of 1296471559.
1296471559
What are the prime factors of 40236086?
2, 11, 571, 3203
What are the prime factors of 4336248151?
193, 22467607
List the prime factors of 4033030914.
2, 3, 11, 151, 12263
List the prime factors of 44537166.
2, 3, 2474287
List the prime factors of 173863568.
2, 10866473
List the prime factors of 4985923332.
2, 3, 13, 31961047
List the prime factors of 543613234.
2, 23, 1907, 6197
What are the prime factors of 705774846?
2, 3, 7, 16804163
What are the prime factors of 1859013920?
2, 5, 17, 683461
List the prime factors of 28892310.
2, 3, 5, 31, 47, 661
What are the prime factors of 526897535?
5, 105379507
What are the prime factors of 29492738?
2, 11, 313, 4283
List the prime factors of 10575707.
10575707
What are the prime factors of 618661752?
2, 3, 47, 548459
List the prime factors of 633726348.
2, 3, 2621, 20149
List the prime factors of 2136564774.
2, 3, 241, 492523
What are the prime factors of 49392224?
2, 7, 23, 9587
List the prime factors of 51889554.
2, 3, 2882753
What are the prime factors of 3404805243?
3, 7, 101, 499, 3217
What are the prime factors of 261971432?
2, 32746429
List the prime factors of 1332219693.
3, 7, 9062719
What are the prime factors of 561930529?
17, 19, 1739723
List the prime factors of 136766000.
2, 5, 7, 9769
List the prime factors of 526419276.
2, 3, 37, 71, 16699
List the prime factors of 100154924.
2, 31, 61, 13241
List the prime factors of 212438866.
2, 419, 253507
What are the prime factors of 2009875109?
11, 4813, 37963
What are the prime factors of 564690374?
2, 19, 37, 401629
What are the prime factors of 168943988?
2, 42235997
List the prime factors of 4144189409.
53, 78192253
List the prime factors of 591906889.
7, 84558127
List the prime factors of 1870107897.
3, 7, 23, 1049, 3691
List the prime factors of 136514104.
2, 389, 43867
What are the prime factors of 386509595?
5, 23, 97, 34649
List the prime factors of 3033477446.
2, 2111, 718493
What are the prime factors of 44574848?
2, 348241
What are the prime factors of 16281958?
2, 7, 11, 105727
List the prime factors of 1694161269.
3, 593, 317437
What are the prime factors of 1267676343?
3, 233, 317, 1907
List the prime factors of 719286596.
2, 7, 919, 27953
What are the prime factors of 402858425?
5, 19, 848123
What are the prime factors of 846783069?
3, 11, 457, 56149
List the prime factors of 1292875771.
11, 73, 1610057
List the prime factors of 92336907.
3, 13, 379, 6247
List the prime factors of 600455614.
2, 11, 29, 941153
List the prime factors of 2021692636.
2, 505423159
What are the prime factors of 3824819971?
7, 2143, 254971
List the prime factors of 333469720.
2, 5, 67, 124429
List the prime factors of 621728309.
67, 9279527
What are the prime factors of 1246989979?
337, 3700267
What are the prime factors of 1342586817?
3, 11, 13, 1043191
What are the prime factors of 32924079?
3, 61, 59971
What are the prime factors of 6335377855?
5, 127, 1129, 8837
List the prime factors of 394573950.
2, 3, 5, 19, 15383
What are the prime factors of 60876754?
2, 53, 574309
List the prime factors of 1052675689.
13, 80975053
List the prime factors of 5515518.
2, 3, 919253
What are the prime factors of 139456555?
5, 7, 3984473
What are the prime factors of 543648895?
5, 389, 279511
List the prime factors of 1377923017.
47, 113, 401, 647
What are the prime factors of 76411955?
5, 29, 53, 61, 163
List the prime factors of 190803470.
2, 5, 11, 13, 29, 43, 107
What are the prime factors of 9227077?
347, 26591
What are the prime factors of 76657443?
3, 25552481
What are the prime factors of 2151921767?
24953, 86239
List the prime factors of 18353124.
2, 3, 47, 10847
What are the prime factors of 272150793?
3, 797, 12647
List the prime factors of 118761835.
5, 23752367
What are the prime factors of 3932300793?
3, 281, 857, 5443
What are the prime factors of 79870391?
229, 348779
List the prime factors of 3710064542.
2, 23, 1601, 50377
List the prime factors of 159007982.
2, 7, 229, 49597
What are the prime factors of 31722303?
3, 71, 148931
What are the prime factors of 246036571?
11, 22366961
What are the prime factors of 52884840?
2, 3, 5, 37, 43, 277
What are the prime factors of 3212740291?
17, 2309, 81847
List the prime factors of 133678469.
11299, 11831
What are the prime factors of 536992771?
7, 1123, 68311
What are the prime factors of 439917727?
10007, 43961
List the prime factors of 133768659.
3, 44589553
List the prime factors of 9216981.
3, 271, 3779
List the prime factors of 42180927.
3, 17, 89, 9293
What are the prime factors of 1469267228?
2, 11, 13, 17, 61, 2477
List the prime factors of 64262466.
2, 3, 443, 8059
List the prime factors of 167015923.
101, 1653623
List the prime factors of 32101938.
2, 3, 11, 197, 823
List the prime factors of 383308787.
383308787
List the prime factors of 118761238.
2, 1627, 36497
List the prime factors of 767914834.
2, 383957417
What are the prime factors of 531946476?
2, 3, 14776291
List the prime factors of 154415919.
3, 7, 211, 34849
What are the prime factors of 625622008?
2, 11, 137, 51893
List the prime factors of 328112582.
2, 7, 167, 140339
What are the prime factors of 2853251802?
2, 3, 158513989
What are the prime factors of 5350981?
61, 87721
What are the prime factors of 168236172?
2, 3, 13, 359479
List the prime factors of 316032172.
2, 1021, 77383
List the prime factors of 1015684503.
3, 338561501
List the prime factors of 45082500.
2, 3, 5, 6011
What are the prime factors of 160391122?
2, 19, 4220819
List the prime factors of 133904246.
2, 7, 911, 10499
List the prime factors of 774107981.
774107981
What are the prime factors of 104413333?
8009, 13037
List the prime factors of 240347656.
2, 30043457
What are the prime factors of 3492148?
2, 11, 79367
List the prime factors of 387072400.
2, 5, 11, 13, 67, 101
What are the prime factors of 957810648?
2, 3, 39908777
List the prime factors of 5453420813.
5453420813
What are the prime factors of 92783313?
3, 7, 97, 241
What are the prime factors of 1150424897?
191, 463, 13009
List the prime factors of 259266413.
7, 2153, 17203
What are the prime factors of 163007017?
163007017
What are the prime factors of 76054907?
29, 2622583
What are the prime factors of 109264183?
7, 15609169
What are the prime factors of 154616250?
2, 3, 5, 41231
What are the prime factors of 383460236?
2, 101, 949159
What are the prime factors of 1267989794?
2, 29, 21861893
List the prime factors of 94653105.
3, 5, 43, 146749
What are the prime factors of 1531491936?
2, 3, 13, 1227157
What are the prime factors of 1886132?
2, 471533
List the prime factors of 63764777.
53, 191, 6299
What are the prime factors of 5252693379?
3, 23, 139, 281, 1949
What are the prime factors of 2708697410?
2, 5, 270869741
What are the prime factors of 568822867?
23, 37, 668417
What are the prime factors of 5948006562?
2, 3, 43, 7684763
What are the prime factors of 364355694?
2, 3, 2621, 7723
What are the prime factors of 247375274?
2, 53, 647, 3607
What are the prime factors of 420286701?
3, 71, 1973177
What are the prime factors of 208403295?
3, 5, 13893553
What are the prime factors of 93868468?
2, 23467117
What are the prime factors of 75872309?
17, 53, 107, 787
What are the prime factors of 236034263?
236034263
List the prime factors of 13569349.
17, 798197
What are the prime factors of 757030743?
3, 7, 1716623
What are the prime factors of 376172619?
3, 2857, 43889
What are the prime factors of 42764359